5552915 a prime number?
False
Is 3649309 a prime number?
False
Is 133660921 a prime number?
True
Is 5079053 composite?
True
Is 389779 a prime number?
False
Is 25627858 composite?
True
Is 248530777 a composite number?
True
Is 198184601 prime?
True
Is 19392805 a composite number?
True
Is 16065479 composite?
True
Is 267711989 a prime number?
False
Is 1728043 a prime number?
True
Is 5487357 composite?
True
Is 2244529879 composite?
False
Is 5347729 prime?
True
Is 9307511 composite?
True
Is 6673861 a composite number?
False
Is 16445397 composite?
True
Is 1487711 composite?
False
Is 3806167 a composite number?
False
Is 12165161 a composite number?
False
Is 64450601 prime?
True
Is 15442809 prime?
False
Is 842546 a prime number?
False
Is 43525145 a prime number?
False
Is 173096621 a composite number?
True
Is 856574673 prime?
False
Is 724657 prime?
False
Is 2241619 a composite number?
True
Is 370012103 composite?
False
Is 103241507 prime?
False
Is 111430507 composite?
False
Is 8279281 composite?
False
Is 40637 prime?
True
Is 17677547 a prime number?
False
Is 665087 prime?
False
Is 330619147 prime?
False
Is 12270871 prime?
True
Is 1054453 composite?
True
Is 19735411 prime?
True
Is 5350657 composite?
True
Is 44768561 composite?
False
Is 1173847 composite?
True
Is 8130361 prime?
True
Is 123817 a prime number?
True
Is 10049999 a composite number?
False
Is 121379 composite?
False
Is 31287409 composite?
True
Is 88317967 composite?
False
Is 3226933 composite?
False
Is 61972403 a composite number?
True
Is 1689031 a composite number?
False
Is 1842461 a prime number?
False
Is 3013147 a composite number?
False
Is 302483 a prime number?
True
Is 523463 prime?
True
Is 235931887 a prime number?
True
Is 1909703 a prime number?
True
Is 14295109 a prime number?
True
Is 77729591 prime?
False
Is 2228227 prime?
False
Is 755683 a composite number?
True
Is 8596942 a composite number?
True
Is 6202618 composite?
True
Is 367711 prime?
True
Is 5799947 a prime number?
True
Is 181959907 composite?
True
Is 1980733 composite?
True
Is 1001337 a prime number?
False
Is 13552771 a prime number?
True
Is 1048715 prime?
False
Is 112231183 prime?
True
Is 5013263 a composite number?
True
Is 38019889 composite?
False
Is 1997401 a prime number?
False
Is 857099 composite?
False
Is 13816826 a prime number?
False
Is 87898099 prime?
True
Is 87849337 prime?
True
Is 3323626 composite?
True
Is 181518031 a composite number?
False
Is 661667133 a prime number?
False
Is 1581519 a prime number?
False
Is 226826583 prime?
False
Is 17467549 a prime number?
False
Is 3357859 composite?
True
Is 1775027 composite?
True
Is 55789 a prime number?
False
Is 435781 a composite number?
True
Is 10282919 composite?
False
Is 906631 a prime number?
False
Is 5351729 a prime number?
True
Is 7451711 composite?
False
Is 179233 a composite number?
False
Is 4819021 a composite number?
False
Is 53755979 prime?
True
Is 95997001 prime?
False
Is 68060699 a prime number?
False
Is 39641093 composite?
True
Is 10320877 prime?
False
Is 204977933 a prime number?
True
Is 2375287 prime?
False
Is 3576877 composite?
True
Is 763259 prime?
False
Is 88041571 a composite number?
False
Is 150034559 composite?
False
Is 902361 a composite number?
True
Is 8515813 prime?
True
Is 18685003 prime?
True
Is 3380723 a prime number?
True
Is 33721951 prime?
True
Is 10092671 a composite number?
False
Is 152363617 prime?
False
Is 11033159 a prime number?
True
Is 102880927 prime?
True
Is 41730149 a prime number?
True
Is 19072289 a prime number?
True
Is 172800883 composite?
False
Is 3391513 a prime number?
False
Is 9063487 a prime number?
True
Is 120582443 a prime number?
True
Is 1245551 a prime number?
True
Is 112374919 a prime number?
False
Is 10685621 composite?
False
Is 9842069 a composite number?
True
Is 21414891 a composite number?
True
Is 72786419 a prime number?
False
Is 99601391 composite?
False
Is 4352563 a composite number?
False
Is 50200883 composite?
True
Is 7924711 a prime number?
True
Is 276456967 a composite number?
False
Is 35370339 prime?
False
Is 7648387 prime?
True
Is 1045639 composite?
True
Is 24562963 a prime number?
True
Is 66140123 composite?
True
Is 27613214 prime?
False
Is 6109531 composite?
True
Is 2173819 prime?
True
Is 11395907 a composite number?
False
Is 4706011 a composite number?
False
Is 70896919 a prime number?
False
Is 2518058 prime?
False
Is 1856509 a prime number?
False
Is 4906639 a composite number?
True
Is 10915657 a composite number?
False
Is 60118411 a prime number?
False
Is 1989763 prime?
False
Is 2762671 a prime number?
True
Is 282619553 prime?
True
Is 2298119 a composite number?
False
Is 441019 composite?
True
Is 8766041 prime?
False
Is 81585593 a prime number?
True
Is 485467 a composite number?
True
Is 10546 composite?
True
Is 1186333 composite?
True
Is 189110357 prime?
True
Is 1079503 prime?
True
Is 59212477 a composite number?
False
Is 519325477 a composite number?
True
Is 156715589 composite?
False
Is 9845897 a composite number?
False
Is 26996089 composite?
True
Is 16070683 prime?
True
Is 42514741 composite?
True
Is 105534371 composite?
False
Is 20895889 a prime number?
False
Is 1515887 composite?
True
Is 79241433 prime?
False
Is 489467841 a prime number?
False
Is 7650361 prime?
True
Is 38227439 composite?
False
Is 64404553 prime?
False
Is 39874031 composite?
False
Is 1356917 a composite number?
True
Is 16078438 a composite number?
True
Is 5273759 a composite number?
False
Is 3493151 a composite number?
False
Is 4089011 composite?
False
Is 168053779 a composite number?
False
Is 95669993 a prime number?
True
Is 189301855 a prime number?
False
Is 1978111 a composite number?
False
Is 967873 prime?
True
Is 1863671 prime?
True
Is 9454831 composite?
False
Is 3977905 composite?
True
Is 979893989 prime?
True
Is 34010117 a prime number?
False
Is 1106329 composite?
True
Is 2515985 a prime number?
False
Is 528354097 composite?
True
Is 8863103 prime?
False
Is 1614443 a prime number?
True
Is 137324087 prime?
True
Is 177409 a prime number?
True
Is 884111 a prime number?
True
Is 403621211 prime?
False
Is 34181102 composite?
True
Is 6563017 composite?
False
Is 645098249 a prime number?
True
Is 17908909 prime?
True
Is 9993457 a composite number?
False
Is 8680019 composite?
True
Is 2453203 a prime number?
False
Is 3613991 a prime number?
True
Is 2070661 prime?
True
Is 8362373 prime?
False
Is 9740967 a prime number?
False
Is 11740693 prime?
False
Is 460029 prime?
False
Is 1186739 composite?
False
Is 216594046 a composite number?
True
Is 4652353 composite?
False
Is 2389693 a prime number?
True
Is 6989833 a prime number?
True
Is 38837963 prime?
False
Is 135107171 a prime number?
True
Is 370383698 prime?
False
Is 41820887 a prime number?
True
Is 298140499 a composite number?
False
Is 9769391 prime?
True
Is 33035315 composite?
True
Is 181183241 a prime number?
True
Is 15964999 composite?
False
Is 792223 composite?
False
Is 3188221 a prime number?
True
Is 37028491 a prime number?
True
Is 548419 prime?
False
Is 729433 composite?
True
Is 74135041 composite?
False
Is 13072729 composite?
True
Is 2710003 prime?
True
Is 2332783 prime?
True
Is 8091455 a prime number?
False
Is 1047271 a prime number?
True
Is 293087 prime?
True
Is 53131321 composite?
False
Is 101776639 a prime number?
True
Is 5578019 composite?
True
Is 433687127 composite?
True
Is 7067122 composite?
True
Is 32032219 a prime number?
True
Is 5180419 prime?
True
Is 16166383 prime?
False
Is 4237031 prime?
True
Is 33271631 composite?
False
Is 5492839 a prime number?
False
Is 4534639 prime?
False
Is 34545073 a prime number?
True
Is 37547953 composite?
True
Is 8450713 a composite number?
False
Is 356942491 composite?
False
Is 37322503 composite?
False
Is 14916151 a composite number?
True
Is 24765967 prime?
True
Is 512850423 a composite number?
True
Is 252475711 a prime number?
False
Is 227837 prime?
False
Is 5516713 prime?
False
Is 9182695 prime?
False
Is 10070497 a prime number?
True
Is 530731 composite?
False
Is 23247683 a prime number?
True
Is 11047003 a composite number?
True
Is 243599 a prime number?
False
Is 144254651 a prime number?
True
Is 36967577 a prime number?
True
Is 78440015 a prime number?
False
Is 784897 composite?
False
Is 5193085 a composite number?
True
Is 6367379 